1056434?
False
Is 11 a factor of 92878?
False
Is 1052324 a multiple of 4?
True
Is 9 a factor of 70704?
True
Is 39 a factor of 281892?
True
Is 8120 a multiple of 7?
True
Is 102 a factor of 390155?
False
Is 50830 a multiple of 65?
True
Is 11181732 a multiple of 83?
False
Is 438585 a multiple of 105?
True
Is 217906 a multiple of 34?
True
Does 2 divide 1839378?
True
Is 1340608 a multiple of 6?
False
Does 36 divide 104248?
False
Is 364490 a multiple of 254?
True
Does 40 divide 24520?
True
Does 11 divide 37296?
False
Is 81132 a multiple of 62?
False
Is 1023 a multiple of 13?
False
Is 19 a factor of 219541?
False
Does 39 divide 7046869?
False
Does 979 divide 6776638?
True
Does 452 divide 448384?
True
Is 1191050 a multiple of 82?
True
Does 6 divide 209163?
False
Is 140 a factor of 1026480?
True
Is 2 a factor of 40776?
True
Is 17813 a multiple of 47?
True
Does 273 divide 31941?
True
Is 531 a factor of 9720026?
False
Is 39 a factor of 127725?
True
Is 17 a factor of 26595161?
False
Does 24 divide 547079?
False
Is 155 a factor of 3866311?
False
Is 120 a factor of 3042519?
False
Is 21514452 a multiple of 46?
False
Is 998 a factor of 3467052?
True
Does 213 divide 2315155?
False
Is 1003 a multiple of 59?
True
Is 7 a factor of 2665271?
True
Is 340 a factor of 523260?
True
Does 285 divide 1024005?
True
Is 45877 a multiple of 11?
False
Is 653 a factor of 328459?
True
Is 789772 a multiple of 347?
True
Is 48446 a multiple of 28?
False
Is 155 a factor of 2586020?
True
Is 5494104 a multiple of 198?
True
Is 91353 a multiple of 111?
True
Does 16 divide 101248?
True
Is 7047678 a multiple of 22?
True
Is 37 a factor of 321308?
True
Is 15 a factor of 3207120?
True
Is 4200231 a multiple of 91?
False
Is 189241 a multiple of 13?
True
Does 104 divide 94382?
False
Is 20102 a multiple of 9?
False
Does 95 divide 53375?
False
Does 170 divide 197278?
False
Does 532 divide 1338512?
True
Does 257 divide 457974?
True
Is 40 a factor of 2216204?
False
Does 130 divide 39650?
True
Does 1319 divide 10380407?
False
Is 78033 a multiple of 2?
False
Is 119 a factor of 859656?
True
Is 72950 a multiple of 8?
False
Does 261 divide 455534?
False
Does 101 divide 566497?
False
Is 659432 a multiple of 5?
False
Is 1134600 a multiple of 75?
True
Is 3795201 a multiple of 131?
True
Is 50927 a multiple of 22?
False
Does 16 divide 77488?
True
Is 3334290 a multiple of 646?
False
Is 422 a factor of 1780882?
False
Is 113622 a multiple of 174?
True
Is 27311496 a multiple of 28?
False
Is 26950854 a multiple of 266?
True
Is 223 a factor of 206273?
False
Is 15664224 a multiple of 12?
True
Is 1553 a multiple of 198?
False
Does 4 divide 1870683?
False
Is 4046 a multiple of 4?
False
Is 19439 a multiple of 68?
False
Is 748297 a multiple of 274?
False
Is 38 a factor of 699496?
False
Is 563010 a multiple of 766?
True
Is 2088263 a multiple of 23?
False
Does 13 divide 2331563?
True
Is 2016515 a multiple of 118?
False
Is 2382336 a multiple of 88?
True
Does 458 divide 15891571?
False
Does 57 divide 718187?
False
Is 232696 a multiple of 58?
True
Does 1028 divide 1931735?
False
Is 106760 a multiple of 17?
True
Is 6 a factor of 2028?
True
Does 116 divide 67578?
False
Is 26928 a multiple of 68?
True
Does 198 divide 62290?
False
Is 1277880 a multiple of 552?
True
Is 538661 a multiple of 37?
False
Is 39 a factor of 8064840?
False
Is 307650 a multiple of 350?
True
Is 80 a factor of 5385538?
False
Is 48952 a multiple of 29?
True
Does 15 divide 44091?
False
Is 207 a factor of 931390?
False
Is 4 a factor of 67592?
True
Is 32 a factor of 28199?
False
Does 64 divide 7945792?
True
Is 8049375 a multiple of 159?
True
Does 272 divide 964784?
True
Does 11 divide 425729?
False
Does 54 divide 146764?
False
Is 37 a factor of 2249156?
True
Is 112 a factor of 881057?
False
Is 30 a factor of 85312?
False
Is 22 a factor of 121274?
False
Is 38 a factor of 23430?
False
Does 644 divide 10218992?
True
Does 180 divide 519120?
True
Is 21 a factor of 18476955?
True
Is 240 a factor of 5095474?
False
Does 1725 divide 12572997?
False
Is 142 a factor of 223327?
False
Is 180 a factor of 1460340?
True
Is 5 a factor of 1194287?
False
Is 36 a factor of 50622?
False
Is 988589 a multiple of 184?
False
Does 154 divide 1151150?
True
Is 150 a factor of 128783?
False
Is 208 a factor of 768401?
False
Is 1549890 a multiple of 701?
False
Is 113 a factor of 468199?
False
Does 212 divide 380540?
True
Is 63591 a multiple of 141?
True
Is 736 a factor of 16309024?
True
Does 55 divide 5093460?
False
Is 73 a factor of 1476798?
False
Is 5 a factor of 5795?
True
Is 62 a factor of 815734?
True
Does 124 divide 80714?
False
Is 7173720 a multiple of 9?
True
Does 10 divide 249170?
True
Is 3 a factor of 82251?
True
Does 2 divide 201533?
False
Does 20 divide 37980?
True
Is 136068 a multiple of 116?
True
Does 16 divide 3479571?
False
Is 1575760 a multiple of 8?
True
Is 85754 a multiple of 31?
False
Is 6017652 a multiple of 12?
True
Is 370 a factor of 129613?
False
Is 172270 a multiple of 70?
True
Is 10 a factor of 534510?
True
Is 22903788 a multiple of 50?
False
Does 2 divide 2536?
True
Does 46 divide 221832?
False
Is 14 a factor of 710556?
True
Is 2848065 a multiple of 205?
True
Is 378 a factor of 563598?
True
Does 206 divide 52493?
False
Is 621 a factor of 681237?
True
Does 7 divide 5428820?
False
Is 374 a factor of 46143?
False
Is 89775 a multiple of 35?
True
Is 443077 a multiple of 84?
False
Is 480 a factor of 116716?
False
Is 224 a factor of 3467843?
False
Is 570024 a multiple of 58?
True
Does 126 divide 240534?
True
Is 2990457 a multiple of 31?
False
Does 34 divide 29441994?
True
Is 25 a factor of 9118900?
True
Is 241 a factor of 511884?
True
Is 102 a multiple of 14?
False
Is 1968 a factor of 3845065?
False
Does 144 divide 29501?
False
Is 32 a factor of 581401?
False
Is 89 a factor of 830637?
True
Does 70 divide 531370?
True
Does 27 divide 4718007?
True
Does 170 divide 470220?
True
Is 2685517 a multiple of 306?
False
Does 3 divide 15948?
True
Is 2236236 a multiple of 563?
True
Is 19 a factor of 16945?
False
Does 451 divide 4082515?
False
Is 76075 a multiple of 85?
True
Is 646159 a multiple of 72?
False
Is 41 a factor of 32160?
False
Is 110856 a multiple of 6?
True
Is 59607 a multiple of 37?
True
Does 388 divide 7683980?
False
Does 21 divide 6099072?
True
Is 19 a factor of 1812259?
False
Is 200 a factor of 715823?
False
Is 578224 a multiple of 5?
False
Does 18 divide 10771373?
False
Is 21448125 a multiple of 1271?
True
Is 276870 a multiple of 150?
False
Does 40 divide 50120?
True
Does 239 divide 13024066?
True
Does 16 divide 848576?
True
Does 30 divide 43860?
True
Is 8 a factor of 24795?
False
Is 4 a factor of 363335?
False
Is 5 a factor of 1270800?
True
Is 52 a factor of 2827552?
True
Is 235476 a multiple of 422?
True
Does 71 divide 532926?
True
Does 22 divide 116050?
True
Is 166104 a multiple of 108?
True
Does 13 divide 6067191?
True
Does 40 divide 9164?
False
Is 4838 a multiple of 27?
False
Is 54 a factor of 76906?
False
Is 466 a factor of 4973152?
True
Is 26 a factor of 1063435?
False
Does 183 divide 285315?
False
Does 12 divide 667656?
True
Does 228 divide 13728?
False
Does 231 divide 24627?
False
Does 16 divide 2980304?
True
Is 1443735 a multiple of 37?
False
Is 188 a factor of 1627283?
False
Does 11 divide 281677?
True
Is 811 a factor of 357797?
False
Is 56025 a multiple of 83?
True
Is 5 a factor of 90765?
True
Is 142 a factor of 4028176?
False
Is 29109 a multiple of 422?
False
Is 13 a factor of 5177212?
False
Does 97 divide 2515178?
False
Is 321289 a multiple of 183?
False
Does 14 divide 183876?
True
Is 1804009 a multiple of 51?
False
Is 2314323 a multiple of 64?
False
Does 71 divide 270723?
True
Is 5193675 a multiple of 563?
True
Is 146 a factor of 3132868?
True
Does 354 divide 44250?
True
Is 62 a factor of 109947?
False
Does 72 divide 1154736?
True
Does 8 divide 87360?
True
Is 136620 a multiple of 60?
True
Is 67080 a multiple of 430?
True
Does 756 divide 8755409?
False
Is 21 a factor of 30448?
False
Is 1057376 a multiple of 111?
False
Is 8 a factor of 34760?
True
Is 984272 a multiple of 454?
True
Is 5103168 a multiple of 32?
True
Is 3636 a multiple of 12?
True
Does 96 divide 3948616?
False
Is 12 a factor of 618076?
False
Is 833 a factor of 5083940?
False
Is 23 a fa